
3, 787187
List the prime factors of 15823439.
15823439
List the prime factors of 18430113.
3, 13, 61, 127
What are the prime factors of 9385437?
3, 79, 199
What are the prime factors of 674503?
397, 1699
What are the prime factors of 270827?
17, 89, 179
What are the prime factors of 3353024?
2, 52391
What are the prime factors of 45825?
3, 5, 13, 47
What are the prime factors of 15984175?
5, 43, 14869
List the prime factors of 362713.
13, 27901
What are the prime factors of 229306?
2, 7, 11, 1489
List the prime factors of 508576.
2, 23, 691
List the prime factors of 1019936.
2, 31873
List the prime factors of 246212.
2, 61553
What are the prime factors of 7251950?
2, 5, 43, 3373
What are the prime factors of 2591417?
439, 5903
What are the prime factors of 272134?
2, 136067
List the prime factors of 21835491.
3, 127, 223, 257
List the prime factors of 700893.
3, 17, 509
List the prime factors of 227098.
2, 271, 419
List the prime factors of 896778.
2, 3, 16607
List the prime factors of 64121.
37, 1733
List the prime factors of 117711.
3, 11, 29, 41
List the prime factors of 100529.
11, 13, 19, 37
List the prime factors of 360851.
360851
List the prime factors of 90983.
37, 2459
List the prime factors of 43535.
5, 8707
List the prime factors of 101382.
2, 3, 61, 277
List the prime factors of 1171791.
3, 130199
List the prime factors of 5313660.
2, 3, 5, 11, 83, 97
What are the prime factors of 277518?
2, 3, 23, 2011
List the prime factors of 6501012.
2, 3, 7, 193, 401
What are the prime factors of 2432102?
2, 283, 4297
List the prime factors of 220120.
2, 5, 5503
What are the prime factors of 243334?
2, 7, 13, 191
What are the prime factors of 1484339?
1061, 1399
What are the prime factors of 329550?
2, 3, 5, 13
What are the prime factors of 18071220?
2, 3, 5, 349, 863
What are the prime factors of 33659281?
23, 1463447
List the prime factors of 9731540.
2, 5, 7, 13, 5347
What are the prime factors of 74073?
3, 24691
What are the prime factors of 558113?
558113
List the prime factors of 7367433.
3, 2455811
List the prime factors of 515906.
2, 257953
What are the prime factors of 63261?
3, 11, 71
What are the prime factors of 260483?
260483
List the prime factors of 266106.
2, 3, 44351
What are the prime factors of 356515?
5, 113, 631
What are the prime factors of 314416?
2, 43, 457
What are the prime factors of 26817?
3, 7, 1277
List the prime factors of 1061174.
2, 17, 23, 59
List the prime factors of 17298220.
2, 5, 864911
What are the prime factors of 6734749?
7, 461, 2087
List the prime factors of 238149.
3, 47, 563
What are the prime factors of 429537?
3, 67, 2137
List the prime factors of 2189.
11, 199
List the prime factors of 2239357.
2239357
List the prime factors of 12913196.
2, 41, 71, 1109
List the prime factors of 741246.
2, 3, 11, 1021
List the prime factors of 30440.
2, 5, 761
List the prime factors of 243254.
2, 11, 11057
List the prime factors of 726299.
7, 31, 3347
List the prime factors of 551749.
11, 50159
What are the prime factors of 76504?
2, 73, 131
What are the prime factors of 4853482?
2, 2426741
List the prime factors of 3964197.
3, 1321399
What are the prime factors of 423366?
2, 3, 41, 1721
List the prime factors of 27300723.
3, 457, 19913
List the prime factors of 22461794.
2, 17, 31, 101, 211
What are the prime factors of 1203659?
23, 59, 887
List the prime factors of 158088.
2, 3, 7, 941
List the prime factors of 833191.
833191
List the prime factors of 1747.
1747
List the prime factors of 2499855.
3, 5, 166657
What are the prime factors of 295917?
3, 98639
List the prime factors of 8957312.
2, 7, 13, 769
What are the prime factors of 338189?
383, 883
List the prime factors of 3629266.
2, 19, 95507
List the prime factors of 635462.
2, 317731
What are the prime factors of 206136?
2, 3, 7, 409
List the prime factors of 6121446.
2, 3, 31, 32911
List the prime factors of 337456.
2, 7, 23, 131
List the prime factors of 6270390.
2, 3, 5, 7, 37, 269
What are the prime factors of 19769195?
5, 3953839
What are the prime factors of 1732856?
2, 216607
What are the prime factors of 10369003?
19, 28723
What are the prime factors of 17688313?
17, 1040489
What are the prime factors of 78467?
78467
List the prime factors of 2142918.
2, 3, 17, 47, 149
List the prime factors of 1593418.
2, 796709
What are the prime factors of 500646?
2, 3, 181, 461
What are the prime factors of 2174988?
2, 3, 211, 859
What are the prime factors of 98148?
2, 3, 8179
What are the prime factors of 32662425?
3, 5, 19, 22921
List the prime factors of 179271.
3, 19919
What are the prime factors of 1801865?
5, 13, 19, 1459
List the prime factors of 440653.
440653
List the prime factors of 450325.
5, 18013
List the prime factors of 168828.
2, 3, 11, 1279
List the prime factors of 2623590.
2, 3, 5, 41, 79
List the prime factors of 8571196.
2, 17, 126047
What are the prime factors of 9949920?
2, 3, 5, 19, 1091
List the prime factors of 9350638.
2, 11, 38639
What are the prime factors of 2508046?
2, 1254023
List the prime factors of 8628684.
2, 3, 719057
What are the prime factors of 4697072?
2, 29, 53, 191
List the prime factors of 81718.
2, 7, 13, 449
What are the prime factors of 4151160?
2, 3, 5, 13, 887
List the prime factors of 214822.
2, 37, 2903
List the prime factors of 18624014.
2, 2689, 3463
What are the prime factors of 24562?
2, 12281
What are the prime factors of 1117595?
5, 83, 2693
List the prime factors of 31887939.
3, 10629313
What are the prime factors of 22429?
11, 2039
What are the prime factors of 1146797?
1146797
What are the prime factors of 11006438?
2, 79, 69661
What are the prime factors of 4535265?
3, 5, 7, 47, 919
List the prime factors of 41736.
2, 3, 37, 47
What are the prime factors of 126122?
2, 19, 3319
What are the prime factors of 3197138?
2, 7, 23, 9929
List the prime factors of 816946.
2, 13, 2417
List the prime factors of 5251800.
2, 3, 5, 8753
List the prime factors of 4442750.
2, 5, 13, 1367
List the prime factors of 880368.
2, 3, 18341
List the prime factors of 1499310.
2, 3, 5, 617
List the prime factors of 307782.
2, 3, 17099
List the prime factors of 695116.
2, 173779
What are the prime factors of 114578?
2, 59, 971
List the prime factors of 2131247.
2131247
What are the prime factors of 26652030?
2, 3, 5, 877, 1013
What are the prime factors of 76353?
3, 31, 821
What are the prime factors of 34483?
34483
What are the prime factors of 558026?
2, 7, 23, 1733
What are the prime factors of 89777?
17, 5281
What are the prime factors of 2669270?
2, 5, 266927
What are the prime factors of 41975?
5, 23, 73
What are the prime factors of 11261247?
3, 47, 79867
List the prime factors of 2146693.
2146693
List the prime factors of 14217478.
2, 11, 487, 1327
List the prime factors of 3184993.
7, 61, 7459
List the prime factors of 156639.
3, 7, 7459
List the prime factors of 1332329.
1332329
List the prime factors of 53007.
3, 17669
List the prime factors of 49559.
49559
List the prime factors of 30066061.
30066061
What are the prime factors of 367095?
3, 5, 24473
List the prime factors of 115230.
2, 3, 5, 23, 167
List the prime factors of 596140.
2, 5, 41, 727
List the prime factors of 387613.
387613
What are the prime factors of 4841193?
3, 7, 269, 857
List the prime factors of 202532.
2, 11, 4603
List the prime factors of 609882.
2, 3, 7, 13, 1117
List the prime factors of 687354.
2, 3, 109, 1051
What are the prime factors of 4303900?
2, 5, 193, 223
What are the prime factors of 21103376?
2, 7, 19, 47, 211
What are the prime factors of 8274717?
3, 11, 37, 251
What are the prime factors of 2056956?
2, 3, 11, 15583
What are the prime factors of 8092660?
2, 5, 293, 1381
List the prime factors of 121597.
7, 29, 599
What are the prime factors of 389734?
2, 194867
What are the prime factors of 15125524?
2, 167, 22643
What are the prime factors of 2141147?
53, 71, 569
List the prime factors of 234282.
2, 3, 39047
What are the prime factors of 6230048?
2, 11, 1609
List the prime factors of 213837.
3, 13, 5483
List the prime factors of 3425833.
19, 180307
List the prime factors of 7323516.
2, 3, 203431
List the prime factors of 474996.
2, 3, 23, 1721
List the prime factors of 109537.
109537
What are the prime factors of 3585289